{"id":6393,"date":"2026-02-16T11:25:57","date_gmt":"2026-02-16T10:25:57","guid":{"rendered":"https:\/\/socios.bioga.org\/?post_type=partner&#038;p=6393"},"modified":"2026-02-26T14:08:38","modified_gmt":"2026-02-26T13:08:38","slug":"asociacion-cosmetica-galega","status":"publish","type":"partner","link":"https:\/\/socios.bioga.org\/en\/partner\/asociacion-cosmetica-galega\/","title":{"rendered":"Asociaci\u00f3n Cosm\u00e9tica Galega"},"content":{"rendered":"<div class=\"fl-module fl-module-heading fl-node-e9x4rf1jhuz6\" data-node=\"e9x4rf1jhuz6\">\n<div class=\"fl-module-content fl-node-content\">\n<p style=\"text-align: justify;\">La Asociaci\u00f3n de Cosm\u00e9tica Galega es la reuni\u00f3n de empresas gallegas que se dedican a crear productos de cuidado personal utilizando ingredientes de la naturaleza gallega.<\/p>\n<p class=\"fl-heading\" style=\"text-align: justify;\"><span class=\"fl-heading-text\">Objetivos<\/span><\/p>\n<\/div>\n<\/div>\n<div class=\"fl-module fl-module-rich-text fl-node-k7z8q9nescvl\" style=\"text-align: justify;\" data-node=\"k7z8q9nescvl\">\n<div class=\"fl-module-content fl-node-content\">\n<div class=\"fl-rich-text\">\n<ul>\n<li>Representar los intereses de la Asociaci\u00f3n y de sus socios ante diferentes organismos p\u00fablicos y privados.<\/li>\n<li>Desarrollar proyectos conjuntos y\/o colaborativos.<\/li>\n<li>Incentivar, apoyar y promover el desarrollo, la regulaci\u00f3n (certificaciones) y expansi\u00f3n de la Cosm\u00e9tica Gallega.<\/li>\n<li>Compartir recursos (compras conjuntas\u2026), experiencias y aprendizajes en el \u00e1mbito de la Cosm\u00e9tica.<\/li>\n<li>Mejorar la competitividad de nuestros asociados para hacer frente a los retos productivos, tecnol\u00f3gicos y log\u00edsticos del sector.<\/li>\n<li>Fomentar la colaboraci\u00f3n con otras entidades, empresas u organizaciones que ayuden a la promoci\u00f3n y consolidaci\u00f3n del sector.<\/li>\n<li>Fomentar la innovaci\u00f3n y la investigaci\u00f3n en el sector.<\/li>\n<li>Promoci\u00f3n del empleo o autoempleo de colectivos espec\u00edficos como los j\u00f3venes, colectivos vulnerables&#8230;<\/li>\n<li>Incluir la perspectiva de g\u00e9nero y la promoci\u00f3n\/empoderamiento de las mujeres<\/li>\n<li>Promover la sostenibilidad en su triple balance social, medioambiental y econ\u00f3mico o criterios ESGs<\/li>\n<\/ul>\n<\/div>\n<\/div>\n<\/div>\n","protected":false},"author":214,"featured_media":6395,"template":"","activity_sector":[28],"event":[],"class_list":["post-6393","partner","type-partner","status-publish","has-post-thumbnail","hentry","activity_sector-cosmetico-es"],"yoast_head":"<!-- This site is optimized with the Yoast SEO plugin v27.5 - https:\/\/yoast.com\/product\/yoast-seo-wordpress\/ -->\n<title>Asociaci\u00f3n Cosm\u00e9tica Galega | Socios Bioga<\/title>\n<meta name=\"description\" content=\"Te damos la bienvenida a la nueva \u00e1rea privada de Bioga. Con el objetivo de potenciar la colaboraci\u00f3n y manteneros al d\u00eda de todas las novedades y oportunidades.\" \/>\n<meta name=\"robots\" content=\"index, follow, max-snippet:-1, max-image-preview:large, max-video-preview:-1\" \/>\n<link rel=\"canonical\" href=\"https:\/\/socios.bioga.org\/partner\/asociacion-cosmetica-galega\/\" \/>\n<meta property=\"og:locale\" content=\"en_US\" \/>\n<meta property=\"og:type\" content=\"article\" \/>\n<meta property=\"og:title\" content=\"Asociaci\u00f3n Cosm\u00e9tica Galega | Socios Bioga\" \/>\n<meta property=\"og:description\" content=\"Te damos la bienvenida a la nueva \u00e1rea privada de Bioga. Con el objetivo de potenciar la colaboraci\u00f3n y manteneros al d\u00eda de todas las novedades y oportunidades.\" \/>\n<meta property=\"og:url\" content=\"https:\/\/socios.bioga.org\/partner\/asociacion-cosmetica-galega\/\" \/>\n<meta property=\"og:site_name\" content=\"Socios Bioga\" \/>\n<meta property=\"article:modified_time\" content=\"2026-02-26T13:08:38+00:00\" \/>\n<meta property=\"og:image\" content=\"https:\/\/socios.bioga.org\/wp-content\/uploads\/2026\/02\/Slide180.jpg\" \/>\n\t<meta property=\"og:image:width\" content=\"567\" \/>\n\t<meta property=\"og:image:height\" content=\"208\" \/>\n\t<meta property=\"og:image:type\" content=\"image\/jpeg\" \/>\n<meta name=\"twitter:card\" content=\"summary_large_image\" \/>\n<meta name=\"twitter:label1\" content=\"Est. reading time\" \/>\n\t<meta name=\"twitter:data1\" content=\"1 minute\" \/>\n<script type=\"application\/ld+json\" class=\"yoast-schema-graph\">{\"@context\":\"https:\\\/\\\/schema.org\",\"@graph\":[{\"@type\":\"WebPage\",\"@id\":\"https:\\\/\\\/socios.bioga.org\\\/partner\\\/asociacion-cosmetica-galega\\\/\",\"url\":\"https:\\\/\\\/socios.bioga.org\\\/partner\\\/asociacion-cosmetica-galega\\\/\",\"name\":\"Asociaci\u00f3n Cosm\u00e9tica Galega | Socios Bioga\",\"isPartOf\":{\"@id\":\"https:\\\/\\\/socios.bioga.org\\\/#website\"},\"primaryImageOfPage\":{\"@id\":\"https:\\\/\\\/socios.bioga.org\\\/partner\\\/asociacion-cosmetica-galega\\\/#primaryimage\"},\"image\":{\"@id\":\"https:\\\/\\\/socios.bioga.org\\\/partner\\\/asociacion-cosmetica-galega\\\/#primaryimage\"},\"thumbnailUrl\":\"https:\\\/\\\/socios.bioga.org\\\/wp-content\\\/uploads\\\/2026\\\/02\\\/Slide180.jpg\",\"datePublished\":\"2026-02-16T10:25:57+00:00\",\"dateModified\":\"2026-02-26T13:08:38+00:00\",\"description\":\"Te damos la bienvenida a la nueva \u00e1rea privada de Bioga. Con el objetivo de potenciar la colaboraci\u00f3n y manteneros al d\u00eda de todas las novedades y oportunidades.\",\"breadcrumb\":{\"@id\":\"https:\\\/\\\/socios.bioga.org\\\/partner\\\/asociacion-cosmetica-galega\\\/#breadcrumb\"},\"inLanguage\":\"en-US\",\"potentialAction\":[{\"@type\":\"ReadAction\",\"target\":[\"https:\\\/\\\/socios.bioga.org\\\/partner\\\/asociacion-cosmetica-galega\\\/\"]}]},{\"@type\":\"ImageObject\",\"inLanguage\":\"en-US\",\"@id\":\"https:\\\/\\\/socios.bioga.org\\\/partner\\\/asociacion-cosmetica-galega\\\/#primaryimage\",\"url\":\"https:\\\/\\\/socios.bioga.org\\\/wp-content\\\/uploads\\\/2026\\\/02\\\/Slide180.jpg\",\"contentUrl\":\"https:\\\/\\\/socios.bioga.org\\\/wp-content\\\/uploads\\\/2026\\\/02\\\/Slide180.jpg\",\"width\":567,\"height\":208},{\"@type\":\"BreadcrumbList\",\"@id\":\"https:\\\/\\\/socios.bioga.org\\\/partner\\\/asociacion-cosmetica-galega\\\/#breadcrumb\",\"itemListElement\":[{\"@type\":\"ListItem\",\"position\":1,\"name\":\"Home\",\"item\":\"https:\\\/\\\/socios.bioga.org\\\/en\\\/\"},{\"@type\":\"ListItem\",\"position\":2,\"name\":\"Socios\",\"item\":\"https:\\\/\\\/socios.bioga.org\\\/partner\\\/\"},{\"@type\":\"ListItem\",\"position\":3,\"name\":\"Asociaci\u00f3n Cosm\u00e9tica Galega\"}]},{\"@type\":\"WebSite\",\"@id\":\"https:\\\/\\\/socios.bioga.org\\\/#website\",\"url\":\"https:\\\/\\\/socios.bioga.org\\\/\",\"name\":\"Socios Bioga\",\"description\":\"Just another WordPress site\",\"publisher\":{\"@id\":\"https:\\\/\\\/socios.bioga.org\\\/#organization\"},\"potentialAction\":[{\"@type\":\"SearchAction\",\"target\":{\"@type\":\"EntryPoint\",\"urlTemplate\":\"https:\\\/\\\/socios.bioga.org\\\/?s={search_term_string}\"},\"query-input\":{\"@type\":\"PropertyValueSpecification\",\"valueRequired\":true,\"valueName\":\"search_term_string\"}}],\"inLanguage\":\"en-US\"},{\"@type\":\"Organization\",\"@id\":\"https:\\\/\\\/socios.bioga.org\\\/#organization\",\"name\":\"Socios Bioga\",\"url\":\"https:\\\/\\\/socios.bioga.org\\\/\",\"logo\":{\"@type\":\"ImageObject\",\"inLanguage\":\"en-US\",\"@id\":\"https:\\\/\\\/socios.bioga.org\\\/#\\\/schema\\\/logo\\\/image\\\/\",\"url\":\"https:\\\/\\\/socios.bioga.org\\\/wp-content\\\/uploads\\\/2022\\\/11\\\/socios-bioga-logo_bioga-logo-horizontal-01-copy.png\",\"contentUrl\":\"https:\\\/\\\/socios.bioga.org\\\/wp-content\\\/uploads\\\/2022\\\/11\\\/socios-bioga-logo_bioga-logo-horizontal-01-copy.png\",\"width\":2155,\"height\":337,\"caption\":\"Socios Bioga\"},\"image\":{\"@id\":\"https:\\\/\\\/socios.bioga.org\\\/#\\\/schema\\\/logo\\\/image\\\/\"}}]}<\/script>\n<!-- \/ Yoast SEO plugin. -->","yoast_head_json":{"title":"Asociaci\u00f3n Cosm\u00e9tica Galega | Socios Bioga","description":"Te damos la bienvenida a la nueva \u00e1rea privada de Bioga. Con el objetivo de potenciar la colaboraci\u00f3n y manteneros al d\u00eda de todas las novedades y oportunidades.","robots":{"index":"index","follow":"follow","max-snippet":"max-snippet:-1","max-image-preview":"max-image-preview:large","max-video-preview":"max-video-preview:-1"},"canonical":"https:\/\/socios.bioga.org\/partner\/asociacion-cosmetica-galega\/","og_locale":"en_US","og_type":"article","og_title":"Asociaci\u00f3n Cosm\u00e9tica Galega | Socios Bioga","og_description":"Te damos la bienvenida a la nueva \u00e1rea privada de Bioga. Con el objetivo de potenciar la colaboraci\u00f3n y manteneros al d\u00eda de todas las novedades y oportunidades.","og_url":"https:\/\/socios.bioga.org\/partner\/asociacion-cosmetica-galega\/","og_site_name":"Socios Bioga","article_modified_time":"2026-02-26T13:08:38+00:00","og_image":[{"width":567,"height":208,"url":"https:\/\/socios.bioga.org\/wp-content\/uploads\/2026\/02\/Slide180.jpg","type":"image\/jpeg"}],"twitter_card":"summary_large_image","twitter_misc":{"Est. reading time":"1 minute"},"schema":{"@context":"https:\/\/schema.org","@graph":[{"@type":"WebPage","@id":"https:\/\/socios.bioga.org\/partner\/asociacion-cosmetica-galega\/","url":"https:\/\/socios.bioga.org\/partner\/asociacion-cosmetica-galega\/","name":"Asociaci\u00f3n Cosm\u00e9tica Galega | Socios Bioga","isPartOf":{"@id":"https:\/\/socios.bioga.org\/#website"},"primaryImageOfPage":{"@id":"https:\/\/socios.bioga.org\/partner\/asociacion-cosmetica-galega\/#primaryimage"},"image":{"@id":"https:\/\/socios.bioga.org\/partner\/asociacion-cosmetica-galega\/#primaryimage"},"thumbnailUrl":"https:\/\/socios.bioga.org\/wp-content\/uploads\/2026\/02\/Slide180.jpg","datePublished":"2026-02-16T10:25:57+00:00","dateModified":"2026-02-26T13:08:38+00:00","description":"Te damos la bienvenida a la nueva \u00e1rea privada de Bioga. Con el objetivo de potenciar la colaboraci\u00f3n y manteneros al d\u00eda de todas las novedades y oportunidades.","breadcrumb":{"@id":"https:\/\/socios.bioga.org\/partner\/asociacion-cosmetica-galega\/#breadcrumb"},"inLanguage":"en-US","potentialAction":[{"@type":"ReadAction","target":["https:\/\/socios.bioga.org\/partner\/asociacion-cosmetica-galega\/"]}]},{"@type":"ImageObject","inLanguage":"en-US","@id":"https:\/\/socios.bioga.org\/partner\/asociacion-cosmetica-galega\/#primaryimage","url":"https:\/\/socios.bioga.org\/wp-content\/uploads\/2026\/02\/Slide180.jpg","contentUrl":"https:\/\/socios.bioga.org\/wp-content\/uploads\/2026\/02\/Slide180.jpg","width":567,"height":208},{"@type":"BreadcrumbList","@id":"https:\/\/socios.bioga.org\/partner\/asociacion-cosmetica-galega\/#breadcrumb","itemListElement":[{"@type":"ListItem","position":1,"name":"Home","item":"https:\/\/socios.bioga.org\/en\/"},{"@type":"ListItem","position":2,"name":"Socios","item":"https:\/\/socios.bioga.org\/partner\/"},{"@type":"ListItem","position":3,"name":"Asociaci\u00f3n Cosm\u00e9tica Galega"}]},{"@type":"WebSite","@id":"https:\/\/socios.bioga.org\/#website","url":"https:\/\/socios.bioga.org\/","name":"Socios Bioga","description":"Just another WordPress site","publisher":{"@id":"https:\/\/socios.bioga.org\/#organization"},"potentialAction":[{"@type":"SearchAction","target":{"@type":"EntryPoint","urlTemplate":"https:\/\/socios.bioga.org\/?s={search_term_string}"},"query-input":{"@type":"PropertyValueSpecification","valueRequired":true,"valueName":"search_term_string"}}],"inLanguage":"en-US"},{"@type":"Organization","@id":"https:\/\/socios.bioga.org\/#organization","name":"Socios Bioga","url":"https:\/\/socios.bioga.org\/","logo":{"@type":"ImageObject","inLanguage":"en-US","@id":"https:\/\/socios.bioga.org\/#\/schema\/logo\/image\/","url":"https:\/\/socios.bioga.org\/wp-content\/uploads\/2022\/11\/socios-bioga-logo_bioga-logo-horizontal-01-copy.png","contentUrl":"https:\/\/socios.bioga.org\/wp-content\/uploads\/2022\/11\/socios-bioga-logo_bioga-logo-horizontal-01-copy.png","width":2155,"height":337,"caption":"Socios Bioga"},"image":{"@id":"https:\/\/socios.bioga.org\/#\/schema\/logo\/image\/"}}]}},"_links":{"self":[{"href":"https:\/\/socios.bioga.org\/en\/wp-json\/wp\/v2\/partner\/6393","targetHints":{"allow":["GET"]}}],"collection":[{"href":"https:\/\/socios.bioga.org\/en\/wp-json\/wp\/v2\/partner"}],"about":[{"href":"https:\/\/socios.bioga.org\/en\/wp-json\/wp\/v2\/types\/partner"}],"author":[{"embeddable":true,"href":"https:\/\/socios.bioga.org\/en\/wp-json\/wp\/v2\/users\/214"}],"version-history":[{"count":3,"href":"https:\/\/socios.bioga.org\/en\/wp-json\/wp\/v2\/partner\/6393\/revisions"}],"predecessor-version":[{"id":6399,"href":"https:\/\/socios.bioga.org\/en\/wp-json\/wp\/v2\/partner\/6393\/revisions\/6399"}],"wp:featuredmedia":[{"embeddable":true,"href":"https:\/\/socios.bioga.org\/en\/wp-json\/wp\/v2\/media\/6395"}],"wp:attachment":[{"href":"https:\/\/socios.bioga.org\/en\/wp-json\/wp\/v2\/media?parent=6393"}],"wp:term":[{"taxonomy":"activity_sector","embeddable":true,"href":"https:\/\/socios.bioga.org\/en\/wp-json\/wp\/v2\/activity_sector?post=6393"},{"taxonomy":"event","embeddable":true,"href":"https:\/\/socios.bioga.org\/en\/wp-json\/wp\/v2\/event?post=6393"}],"curies":[{"name":"wp","href":"https:\/\/api.w.org\/{rel}","templated":true}]}}

Asociación Cosmética Galega

<div class="fl-module fl-module-heading fl-node-e9x4rf1jhuz6" data-node="e9x4rf1jhuz6">
<div class="fl-module-content fl-node-content">
<p style="text-align: justify;">La Asociación de Cosmética Galega es la reunión de empresas gallegas que se dedican a crear productos de cuidado personal utilizando ingredientes de la naturaleza gallega.</p>
<p class="fl-heading" style="text-align: justify;"><span class="fl-heading-text">Objetivos</span></p>
</div>
</div>
<div class="fl-module fl-module-rich-text fl-node-k7z8q9nescvl" style="text-align: justify;" data-node="k7z8q9nescvl">
<div class="fl-module-content fl-node-content">
<div class="fl-rich-text">
<ul>
<li>Representar los intereses de la Asociación y de sus socios ante diferentes organismos públicos y privados.</li>
<li>Desarrollar proyectos conjuntos y/o colaborativos.</li>
<li>Incentivar, apoyar y promover el desarrollo, la regulación (certificaciones) y expansión de la Cosmética Gallega.</li>
<li>Compartir recursos (compras conjuntas…), experiencias y aprendizajes en el ámbito de la Cosmética.</li>
<li>Mejorar la competitividad de nuestros asociados para hacer frente a los retos productivos, tecnológicos y logísticos del sector.</li>
<li>Fomentar la colaboración con otras entidades, empresas u organizaciones que ayuden a la promoción y consolidación del sector.</li>
<li>Fomentar la innovación y la investigación en el sector.</li>
<li>Promoción del empleo o autoempleo de colectivos específicos como los jóvenes, colectivos vulnerables&#8230;</li>
<li>Incluir la perspectiva de género y la promoción/empoderamiento de las mujeres</li>
<li>Promover la sostenibilidad en su triple balance social, medioambiental y económico o criterios ESGs</li>
</ul>
</div>
</div>
</div>

<!-- This site is optimized with the Yoast SEO plugin v27.5 - https://yoast.com/product/yoast-seo-wordpress/ -->
<title>Asociación Cosmética Galega | Socios Bioga</title>
<meta name="description" content="Te damos la bienvenida a la nueva área privada de Bioga. Con el objetivo de potenciar la colaboración y manteneros al día de todas las novedades y oportunidades." />
<meta name="robots" content="index, follow, max-snippet:-1, max-image-preview:large, max-video-preview:-1" />
<link rel="canonical" href="https://socios.bioga.org/partner/asociacion-cosmetica-galega/" />
<meta property="og:locale" content="en_US" />
<meta property="og:type" content="article" />
<meta property="og:title" content="Asociación Cosmética Galega | Socios Bioga" />
<meta property="og:description" content="Te damos la bienvenida a la nueva área privada de Bioga. Con el objetivo de potenciar la colaboración y manteneros al día de todas las novedades y oportunidades." />
<meta property="og:url" content="https://socios.bioga.org/partner/asociacion-cosmetica-galega/" />
<meta property="og:site_name" content="Socios Bioga" />
<meta property="article:modified_time" content="2026-02-26T13:08:38+00:00" />
<meta property="og:image" content="https://socios.bioga.org/wp-content/uploads/2026/02/Slide180.jpg" />
	<meta property="og:image:width" content="567" />
	<meta property="og:image:height" content="208" />
	<meta property="og:image:type" content="image/jpeg" />
<meta name="twitter:card" content="summary_large_image" />
<meta name="twitter:label1" content="Est. reading time" />
	<meta name="twitter:data1" content="1 minute" />
<script type="application/ld+json" class="yoast-schema-graph">{"@context":"https:\/\/schema.org","@graph":[{"@type":"WebPage","@id":"https:\/\/socios.bioga.org\/partner\/asociacion-cosmetica-galega\/","url":"https:\/\/socios.bioga.org\/partner\/asociacion-cosmetica-galega\/","name":"Asociación Cosmética Galega | Socios Bioga","isPartOf":{"@id":"https:\/\/socios.bioga.org\/#website"},"primaryImageOfPage":{"@id":"https:\/\/socios.bioga.org\/partner\/asociacion-cosmetica-galega\/#primaryimage"},"image":{"@id":"https:\/\/socios.bioga.org\/partner\/asociacion-cosmetica-galega\/#primaryimage"},"thumbnailUrl":"https:\/\/socios.bioga.org\/wp-content\/uploads\/2026\/02\/Slide180.jpg","datePublished":"2026-02-16T10:25:57+00:00","dateModified":"2026-02-26T13:08:38+00:00","description":"Te damos la bienvenida a la nueva área privada de Bioga. Con el objetivo de potenciar la colaboración y manteneros al día de todas las novedades y oportunidades.","breadcrumb":{"@id":"https:\/\/socios.bioga.org\/partner\/asociacion-cosmetica-galega\/#breadcrumb"},"inLanguage":"en-US","potentialAction":[{"@type":"ReadAction","target":["https:\/\/socios.bioga.org\/partner\/asociacion-cosmetica-galega\/"]}]},{"@type":"ImageObject","inLanguage":"en-US","@id":"https:\/\/socios.bioga.org\/partner\/asociacion-cosmetica-galega\/#primaryimage","url":"https:\/\/socios.bioga.org\/wp-content\/uploads\/2026\/02\/Slide180.jpg","contentUrl":"https:\/\/socios.bioga.org\/wp-content\/uploads\/2026\/02\/Slide180.jpg","width":567,"height":208},{"@type":"BreadcrumbList","@id":"https:\/\/socios.bioga.org\/partner\/asociacion-cosmetica-galega\/#breadcrumb","itemListElement":[{"@type":"ListItem","position":1,"name":"Home","item":"https:\/\/socios.bioga.org\/en\/"},{"@type":"ListItem","position":2,"name":"Socios","item":"https:\/\/socios.bioga.org\/partner\/"},{"@type":"ListItem","position":3,"name":"Asociación Cosmética Galega"}]},{"@type":"WebSite","@id":"https:\/\/socios.bioga.org\/#website","url":"https:\/\/socios.bioga.org\/","name":"Socios Bioga","description":"Just another WordPress site","publisher":{"@id":"https:\/\/socios.bioga.org\/#organization"},"potentialAction":[{"@type":"SearchAction","target":{"@type":"EntryPoint","urlTemplate":"https:\/\/socios.bioga.org\/?s={search_term_string}"},"query-input":{"@type":"PropertyValueSpecification","valueRequired":true,"valueName":"search_term_string"}}],"inLanguage":"en-US"},{"@type":"Organization","@id":"https:\/\/socios.bioga.org\/#organization","name":"Socios Bioga","url":"https:\/\/socios.bioga.org\/","logo":{"@type":"ImageObject","inLanguage":"en-US","@id":"https:\/\/socios.bioga.org\/#\/schema\/logo\/image\/","url":"https:\/\/socios.bioga.org\/wp-content\/uploads\/2022\/11\/socios-bioga-logo_bioga-logo-horizontal-01-copy.png","contentUrl":"https:\/\/socios.bioga.org\/wp-content\/uploads\/2022\/11\/socios-bioga-logo_bioga-logo-horizontal-01-copy.png","width":2155,"height":337,"caption":"Socios Bioga"},"image":{"@id":"https:\/\/socios.bioga.org\/#\/schema\/logo\/image\/"}}]}</script>
<!-- / Yoast SEO plugin. -->

Asociación Cosmética Galega | Socios Bioga

Te damos la bienvenida a la nueva área privada de Bioga. Con el objetivo de potenciar la colaboración y manteneros al día de todas las novedades y oportunidades.
